What is the hundreds digit of 150?
1
What is the hundreds digit of 8471?
4
What is the units digit of 4416?
6
What is the tens digit of 9146?
4
What is the ten thousands digit of 16677?
1
What is the tens digit of 1504?
0
What is the hundreds digit of 24872?
8
What is the thousands digit of 7700?
7
What is the thousands digit of 2828?
2
What is the tens digit of 26862?
6
What is the hundreds digit of 2111?
1
What is the ten thousands digit of 31468?
3
What is the tens digit of 6442?
4
What is the units digit of 2380?
0
What is the tens digit of 111673?
7
What is the units digit of 225?
5
What is the tens digit of 2364?
6
What is the units digit of 4905?
5
What is the hundreds digit of 82619?
6
What is the tens digit of 102968?
6
What is the thousands digit of 11147?
1
What is the tens digit of 8537?
3
What is the units digit of 1055?
5
What is the hundreds digit of 1542?
5
What is the units digit of 200?
0
What is the thousands digit of 44370?
4
What is the ten thousands digit of 45289?
4
What is the hundreds digit of 20734?
7
What is the hundreds digit of 11582?
5
What is the ten thousands digit of 40316?
4
What is the units digit of 278?
8
What is the hundreds digit of 141?
1
What is the units digit of 154249?
9
What is the ten thousands digit of 22395?
2
What is the tens digit of 869?
6
What is the hundreds digit of 2910?
9
What is the hundreds digit of 113886?
8
What is the tens digit of 511?
1
What is the units digit of 596?
6
What is the hundred thousands digit of 124100?
1
What is the hundreds digit of 14005?
0
What is the tens digit of 1712?
1
What is the tens digit of 4223?
2
What is the units digit of 911?
1
What is the units digit of 25604?
4
What is the tens digit of 2684?
8
What is the hundreds digit of 5077?
0
What is the tens digit of 18194?
9
What is the thousands digit of 60835?
0
What is the tens digit of 89?
8
What is the units digit of 47121?
1
What is the hundreds digit of 434?
4
What is the tens digit of 57262?
6
What is the hundreds digit of 346?
3
What is the thousands digit of 1947?
1
What is the tens digit of 25419?
1
What is the units digit of 1337?
7
What is the ten thousands digit of 80403?
8
What is the units digit of 2186?
6
What is the ten thousands digit of 99515?
9
What is the tens digit of 7446?
4
What is the thousands digit of 116457?
6
What is the hundreds digit of 8004?
0
What is the thousands digit of 1619?
1
What is the tens digit of 9841?
4
What is the tens digit of 841?
4
What is the hundreds digit of 25137?
1
What is the tens digit of 426?
2
What is the hundreds digit of 39790?
7
What is the ten thousands digit of 32130?
3
What is the thousands digit of 1685?
1
What is the tens digit of 735?
3
What is the tens digit of 81349?
4
What is the tens digit of 5235?
3
What is the units digit of 2231?
1
What is the thousands digit of 67402?
7
What is the hundreds digit of 4220?
2
What is the units digit of 1536?
6
What is the thousands digit of 8700?
8
What is the tens digit of 336?
3
What is the units digit of 2537?
7
What is the thousands digit of 3587?
3
What is the units digit of 115010?
0
What is the tens digit of 2762?
6
What is the units digit of 69863?
3
What is the hundreds digit of 79707?
7
What is the ten thousands digit of 19586?
1
What is the thousands digit of 6283?
6
What is the units digit of 4015?
5
What is the hundreds digit of 339?
3
What is the units digit of 123?
3
What is the tens digit of 66009?
0
What is the hundreds digit of 1803?
8
What is the hundreds digit of 376?
3
What is the thousands digit of 57209?
7
What is the hundred thousands digit of 118520?
1
What is the hundreds digit of 2938?
9
What is the tens digit of 1038?
3
What is the tens digit of 4783?
8
What is the thousands digit of 3182?
3
What is the units digit of 1066?
6
What is the thousands digit of 1816?
1
What is the hundreds digit of 78915?
9
What is the thousands digit of 7778?
7
What is the thousands digit of 17797?
7
What is the units digit of 458?
8
What is the thousands digit of 39500?
9
What is the hundreds digit of 1474?
4
What is the ten thousands digit of 21013?
2
What is the tens digit of 867?
6
What is the units digit of 3497?
7
What is the ten thousands digit of 27622?
2
What is the hundreds digit of 657?
6
What is the units digit of 1038?
8
What is the tens digit of 2960?
6
What is the tens digit of 467?
6
What is the hundreds digit of 16400?
4
What is the units digit of 67776?
6
What is the thousands digit of 39543?
9
What is the units digit of 2?
2
What is the tens digit of 1854?
5
What is the thousands digit of 18478?
8
What is the units digit of 41037?
7
What is the units digit of 6179?
9
What is the tens digit of 6316?
1
What is the ten thousands digit of 13190?
1
What is the tens digit of 275?
7
What is the hundreds digit of 2604?
6
What is the units digit of 5828?
8
What is the ten thousands digit of 35834?
3
What is the units digit of 38154?
4
What is the tens digit of 3572?
7
What is the hundreds digit of 630?
6
What is the hundreds digit of 10873?
8
What is the units digit of 808?
8
What is the units digit of 4146?
6
What is the units digit of 111796?
6
What is the thousands digit of 1593?
1
What is the hundreds digit of 19864?
8
What is the tens digit of 48342?
4
What is the tens digit of 22395?
9
What is the tens digit of 26888?
8
What is the thousands digit of 1609?
1
What is the hundred thousands digit of 134379?
1
What is the units digit of 36679?
9
What is the units digit of 81577?
7
What is the units digit of 76994?
4
What is the hundred thousands digit of 156652?
1
What is the tens digit of 20471?
7
What is the tens digit of 1132?
3
What is the units digit of 34716?
6
What is the hundreds digit of 13350?
3
What is the tens digit of 13508?
0
What is the tens digit of 21318?
1
What is the units digit of 443?
3
What is the tens digit of 979?
7
What is the thousands digit of 61758?
1
What is the units digit of 24578?
8
What is the units digit of 2544?
4
What is the hundreds digit of 44526?
5
What is the hundreds digit of 824?
8
What is the units digit of 1178?
8
What is the hundreds digit of 743?
7
What is the hundreds digit of 3841?
8
What is the ten thousands digit of 31814?
3
What is the hundreds digit of 948?
9
What is the tens digit of 1041?
4
What is the tens digit of 15528?
2
What is the tens digit of 102543?
4
What is the thousands digit of 17896?
7
What is the units digit of 1191?
1
What is the thousands digit of 33670?
3
What is the units digit of 911?
1
What is the hundreds digit of 1812?
8
What is the thousands digit of 14998?
4
What is the thousands digit of 3928?
3
What is the units digit of 683?
3
What is the thousands digit of 5502?
5
What is the hundreds digit of 79801?
8
What is the thousands digit of 5711?
5
What is the tens digit of 73948?
4
What is the hundreds digit of 2294?
2
What is the hundreds digit of 2102?
1
What is the units digit of 68008?
8
What is the thousands digit of 9766?
9
What is the units digit of 428?
8
What is the tens digit of 11218?
1
What is the hundreds digit of 5580?
5
What is the hundreds digit of 1926?
9
What is the tens digit of 1175?
7
What is the units digit of 8920?
0
What is the hundreds digit of 4605?
6
What is the hundreds digit of 1353?
3
What is the units digit of 12029?
9
What is the tens digit of 422?
2
What is the hundreds digit of 312?
3
What is the hundreds digit of 1479?
4
What is the tens digit of 18191?
9
What is the ten thousands digit of 30549?
3
What is the thousands digit of 6928?
6
What is the tens digit of 41300?
0
What is the thousands digit of 105661?
5
What is the hundreds digit of 768?
7
What is the thousands digit of 87558?
7
What is the units digit of 14253?
3
What is the units digit of 912?
2
What is the hundreds digit of 7775?
7
What is the thousands digit of 1718?
1
What is the units digit of 3649?
9
What is the hundreds digit of 14820?
8
What is the units digit of 35910?
0
What is the units digit of 343?
3
What is the hundreds digit of 921?
9
What is the hundreds digit of 9141?
1
What is the thousands digit of 17386?
7
What is the hundreds digit of 16431?
4
What is the thousands digit of 1905?
1
What is the hundreds digit of 121845?
8
What is the hundreds digit of 17306?
3
What is the ten thousands digit of